{"id":25866,"date":"2026-04-30T10:51:30","date_gmt":"2026-04-30T09:51:30","guid":{"rendered":"https:\/\/www.mycasa.eu\/property\/impresionante-villa-de-4-dormitorios-con-piscina-privada-y-excelentes-vistas\/"},"modified":"2026-04-30T10:56:01","modified_gmt":"2026-04-30T09:56:01","slug":"impresionante-villa-de-4-dormitorios-con-piscina-privada-y-excelentes-vistas","status":"publish","type":"property","link":"https:\/\/www.mycasa.eu\/es\/propiedad\/impresionante-villa-de-4-dormitorios-con-piscina-privada-y-excelentes-vistas\/","title":{"rendered":"Impresionante villa de 4 dormitorios con piscina privada y excelentes vistas"},"content":{"rendered":"\n<p>Esta villa elevada con piscina privada ofrece impresionantes vistas panor\u00e1micas de las monta\u00f1as y el campo. Est\u00e1 completamente lista para entrar a vivir.<\/p>\n\n<p>Hay aparcamiento fuera de la calle. Hay un gran porche delantero cerrado con unas vistas impresionantes. Tambi\u00e9n encontrar\u00e1s un sal\u00f3n amplio y luminoso con zona de comedor.. La cocina, totalmente equipada y elegante, tiene otra zona de cocina\/barbacoa exterior.<\/p>\n\n<p>La villa incluye cuatro dormitorios dobles con armarios empotrados, y el principal dispone de cuarto de ba\u00f1o en suite. Tambi\u00e9n hay un cuarto de ducha familiar al final del pasillo para mayor comodidad. <\/p>\n\n<p>La piscina privada est\u00e1 rodeada de una gran terraza con espacio para tumbonas y lugares de relax a la sombra.<\/p>\n\n<p>La villa tambi\u00e9n tiene un gran s\u00f3tano, utilizado como taller y almac\u00e9n, pero que podr\u00eda convertirse en una segunda vivienda si se desea.<\/p>\n\n<p>Esta villa ha sido cuidadosamente dise\u00f1ada para ofrecer tanto una vida pr\u00e1ctica como tranquilidad, lo que la convierte en un refugio ideal para quienes buscan una propiedad tranquila, totalmente independiente y con todas las comodidades. No pierdas esta oportunidad de disfrutar de un estilo de vida sereno con impresionantes vistas en una casa espaciosa y bien equipada. <\/p>\n\n<p>La propiedad est\u00e1 en una gran ubicaci\u00f3n perfecta para vivir a largo plazo con un gran potencial de alquiler. Se recomienda encarecidamente su visita\u00bb<br\/>El chalet est\u00e1 situado en una zona residencial con todas las comodidades en el hermoso interior (a 25 minutos del mar). Todos los servicios, como supermercados, panader\u00edas, restaurantes, terrazas y varias instalaciones deportivas est\u00e1n a poca distancia a pie o en bicicleta. Aqu\u00ed podr\u00e1 vivir plenamente la vida espa\u00f1ola; los preciosos alrededores ofrecen muchas oportunidades para los amantes de la naturaleza. La villa est\u00e1 cerca de la aut\u00e9ntica ciudad de Castalla, con sus bellos monumentos y su entorno natural. Las playas del Mediterr\u00e1neo est\u00e1n a unos 30 minutos en coche. Su c\u00e9ntrica ubicaci\u00f3n hace que ciudades tan aut\u00e9nticas como Alicante y Murcia est\u00e9n a 30 y 60 minutos en coche. All\u00ed encontrar\u00e1 una hermosa arquitectura, as\u00ed como otros puntos de inter\u00e9s, buenos restaurantes, maravillosas terrazas y abundantes tiendas. Benidorm est\u00e1 a unos 50 minutos en coche. El cercano aeropuerto de Alicante est\u00e1 a 30 minutos de la villa<\/p>\n","protected":false},"excerpt":{"rendered":"<p>Esta villa elevada con piscina privada ofrece impresionantes vistas panor\u00e1micas de las monta\u00f1as y el campo. Est\u00e1 completamente lista para entrar a vivir. Hay aparcamiento fuera de la calle. Hay un gran porche delantero cerrado con unas vistas impresionantes. Tambi\u00e9n encontrar\u00e1s un sal\u00f3n amplio y luminoso con zona de comedor.. La cocina, totalmente equipada y [&hellip;]<\/p>\n","protected":false},"author":2,"featured_media":25859,"parent":0,"menu_order":0,"template":"","property_type":[114],"property_status":[154],"property_feature":[159,150,163,143,152,171,162,149,147,165,145,151,168,146],"property_label":[],"property_country":[141],"property_state":[153],"property_city":[125],"property_area":[140],"class_list":["post-25866","property","type-property","status-publish","has-post-thumbnail","hentry","property_type-villa-es","property_status-en-venta","property_feature-aire-acondicionado","property_feature-armarios-empotrados","property_feature-balcon","property_feature-chimenea","property_feature-entertaining-space-es","property_feature-parcela-amurallada","property_feature-parcialmente-amueblado","property_feature-parking-privado","property_feature-patio-es","property_feature-piscina","property_feature-piscina-comunitaria","property_feature-solarium-es","property_feature-swimming-pool-es","property_feature-terraza","property_country-spain-es","property_state-alicante-es","property_city-castalla-internacional-es","property_area-castalla-es"],"property_meta":{"_thumbnail_id":["25859"],"fave_featured":["0"],"houzez_featured_listing_date":[""],"fave_property_images":["25815","25817","25819","25821","25823","25825","25827","25829","25831","25833","25835","25837","25839","25841","25843","25845","25847","25849","25851","25853","25855","25857","25859","25861","25863"],"fave_single_top_area":["global"],"fave_single_content_area":["global"],"_top_nav_excluded":[""],"_cms_nav_minihome":[""],"fave_property_price":["295000"],"fave_property_size":["140"],"fave_property_land":["600"],"fave_property_bedrooms":["4"],"fave_property_bathrooms":["3"],"fave_property_id":["ALC C 295"],"fave_property_map":["1"],"fave_property_map_address":["Castalla Internacional, Castalla, l'Alcoi\u00e0, Alacant \/ Alicante, Comunitat Valenciana, 03420, Espa\u00f1a"],"fave_property_location":["38.5644267,-0.628789,15"],"houzez_geolocation_lat":["38.5644267"],"houzez_geolocation_long":["-0.628789"],"fave_property_map_street_view":["hide"],"fave_agent_display_option":["author_info"],"fave_prop_homeslider":["no"],"_last_translation_edit_mode":["translation-editor"],"_edit_lock":["1777543668:2"],"houzez_total_property_views":["5"],"houzez_views_by_date":["a:1:{s:10:\"04-30-2026\";i:5;}"],"houzez_recently_viewed":["2026-04-30 15:03:15"]},"_links":{"self":[{"href":"https:\/\/www.mycasa.eu\/es\/wp-json\/wp\/v2\/properties\/25866","targetHints":{"allow":["GET"]}}],"collection":[{"href":"https:\/\/www.mycasa.eu\/es\/wp-json\/wp\/v2\/properties"}],"about":[{"href":"https:\/\/www.mycasa.eu\/es\/wp-json\/wp\/v2\/types\/property"}],"author":[{"embeddable":true,"href":"https:\/\/www.mycasa.eu\/es\/wp-json\/wp\/v2\/users\/2"}],"version-history":[{"count":1,"href":"https:\/\/www.mycasa.eu\/es\/wp-json\/wp\/v2\/properties\/25866\/revisions"}],"predecessor-version":[{"id":25867,"href":"https:\/\/www.mycasa.eu\/es\/wp-json\/wp\/v2\/properties\/25866\/revisions\/25867"}],"wp:featuredmedia":[{"embeddable":true,"href":"https:\/\/www.mycasa.eu\/es\/wp-json\/wp\/v2\/media\/25859"}],"wp:attachment":[{"href":"https:\/\/www.mycasa.eu\/es\/wp-json\/wp\/v2\/media?parent=25866"}],"wp:term":[{"taxonomy":"property_type","embeddable":true,"href":"https:\/\/www.mycasa.eu\/es\/wp-json\/wp\/v2\/property_type?post=25866"},{"taxonomy":"property_status","embeddable":true,"href":"https:\/\/www.mycasa.eu\/es\/wp-json\/wp\/v2\/property_status?post=25866"},{"taxonomy":"property_feature","embeddable":true,"href":"https:\/\/www.mycasa.eu\/es\/wp-json\/wp\/v2\/property_feature?post=25866"},{"taxonomy":"property_label","embeddable":true,"href":"https:\/\/www.mycasa.eu\/es\/wp-json\/wp\/v2\/property_label?post=25866"},{"taxonomy":"property_country","embeddable":true,"href":"https:\/\/www.mycasa.eu\/es\/wp-json\/wp\/v2\/property_country?post=25866"},{"taxonomy":"property_state","embeddable":true,"href":"https:\/\/www.mycasa.eu\/es\/wp-json\/wp\/v2\/property_state?post=25866"},{"taxonomy":"property_city","embeddable":true,"href":"https:\/\/www.mycasa.eu\/es\/wp-json\/wp\/v2\/property_city?post=25866"},{"taxonomy":"property_area","embeddable":true,"href":"https:\/\/www.mycasa.eu\/es\/wp-json\/wp\/v2\/property_area?post=25866"}],"curies":[{"name":"wp","href":"https:\/\/api.w.org\/{rel}","templated":true}]}}

<p>Esta villa elevada con piscina privada ofrece impresionantes vistas panorámicas de las montañas y el campo. Está completamente lista para entrar a vivir.</p>

<p>Hay aparcamiento fuera de la calle. Hay un gran porche delantero cerrado con unas vistas impresionantes. También encontrarás un salón amplio y luminoso con zona de comedor.. La cocina, totalmente equipada y elegante, tiene otra zona de cocina/barbacoa exterior.</p>

<p>La villa incluye cuatro dormitorios dobles con armarios empotrados, y el principal dispone de cuarto de baño en suite. También hay un cuarto de ducha familiar al final del pasillo para mayor comodidad. </p>

<p>La piscina privada está rodeada de una gran terraza con espacio para tumbonas y lugares de relax a la sombra.</p>

<p>La villa también tiene un gran sótano, utilizado como taller y almacén, pero que podría convertirse en una segunda vivienda si se desea.</p>

<p>Esta villa ha sido cuidadosamente diseñada para ofrecer tanto una vida práctica como tranquilidad, lo que la convierte en un refugio ideal para quienes buscan una propiedad tranquila, totalmente independiente y con todas las comodidades. No pierdas esta oportunidad de disfrutar de un estilo de vida sereno con impresionantes vistas en una casa espaciosa y bien equipada. </p>

<p>La propiedad está en una gran ubicación perfecta para vivir a largo plazo con un gran potencial de alquiler. Se recomienda encarecidamente su visita»<br/>El chalet está situado en una zona residencial con todas las comodidades en el hermoso interior (a 25 minutos del mar). Todos los servicios, como supermercados, panaderías, restaurantes, terrazas y varias instalaciones deportivas están a poca distancia a pie o en bicicleta. Aquí podrá vivir plenamente la vida española; los preciosos alrededores ofrecen muchas oportunidades para los amantes de la naturaleza. La villa está cerca de la auténtica ciudad de Castalla, con sus bellos monumentos y su entorno natural. Las playas del Mediterráneo están a unos 30 minutos en coche. Su céntrica ubicación hace que ciudades tan auténticas como Alicante y Murcia estén a 30 y 60 minutos en coche. Allí encontrará una hermosa arquitectura, así como otros puntos de interés, buenos restaurantes, maravillosas terrazas y abundantes tiendas. Benidorm está a unos 50 minutos en coche. El cercano aeropuerto de Alicante está a 30 minutos de la villa</p>

<p>Esta villa elevada con piscina privada ofrece impresionantes vistas panorámicas de las montañas y el campo. Está completamente lista para entrar a vivir. Hay aparcamiento fuera de la calle. Hay un gran porche delantero cerrado con unas vistas impresionantes. También encontrarás un salón amplio y luminoso con zona de comedor.. La cocina, totalmente equipada y [&hellip;]</p>

Castalla Internacional, Castalla, l'Alcoià, Alacant / Alicante, Comunitat Valenciana, 03420, España
