{"id":25811,"date":"2026-04-25T10:17:11","date_gmt":"2026-04-25T09:17:11","guid":{"rendered":"https:\/\/www.mycasa.eu\/property\/amplio-adosado-de-4-dormitorios-en-onil-con-garaje-y-terrazas\/"},"modified":"2026-04-25T10:20:19","modified_gmt":"2026-04-25T09:20:19","slug":"amplio-adosado-de-4-dormitorios-en-onil-con-garaje-y-terrazas","status":"publish","type":"property","link":"https:\/\/www.mycasa.eu\/es\/propiedad\/amplio-adosado-de-4-dormitorios-en-onil-con-garaje-y-terrazas\/","title":{"rendered":"Amplio Adosado de 4 Dormitorios en Onil con Garaje y Terrazas"},"content":{"rendered":"\n<p>Situada en una excelente zona de Onil, cerca de tiendas y servicios, esta casa bien presentada de 4 dormitorios y 3 ba\u00f1os ofrece un generoso espacio habitable en tres niveles, con un total de 200 m\u00b2.<\/p>\n\n<p>La propiedad cuenta con un luminoso sal\u00f3n con acceso directo a una terraza, as\u00ed como un acceso junto a la cocina, perfecto para comer al aire libre. Uno de los dormitorios tambi\u00e9n tiene su propia terraza privada, lo que a\u00f1ade m\u00e1s espacio al aire libre. En la parte trasera, hay una zona ajardinada privada, ideal para relajarse o entretenerse.  <\/p>\n\n<p>La casa incluye un amplio garaje con espacio para dos coches, junto con un despacho\/almac\u00e9n adicional, lo que proporciona una excelente practicidad.<\/p>\n\n<p>Equipada con calefacci\u00f3n central, aire acondicionado, paneles solares y un sistema de filtraci\u00f3n de agua, la casa est\u00e1 dise\u00f1ada para una vida c\u00f3moda y eficiente. Tambi\u00e9n est\u00e1 parcialmente amueblada, por lo que es f\u00e1cil mudarse e instalarse. <\/p>\n\n<p>Con su espaciosa distribuci\u00f3n, sus m\u00faltiples zonas al aire libre y su pr\u00e1ctica ubicaci\u00f3n, esta propiedad es una opci\u00f3n fant\u00e1stica para familias o para cualquiera que busque una casa bien equipada en Onil.<\/p>\n\n<p>Las playas del Mediterr\u00e1neo est\u00e1n a unos 30 minutos en coche. Su c\u00e9ntrica ubicaci\u00f3n hace que ciudades tan aut\u00e9nticas como Alicante y Murcia est\u00e9n a 30 y 60 minutos en coche. All\u00ed encontrar\u00e1 una hermosa arquitectura, as\u00ed como otros puntos de inter\u00e9s, buenos restaurantes, maravillosas terrazas y abundantes tiendas. Benidorm est\u00e1 a unos 50 minutos en coche. El cercano aeropuerto de Alicante est\u00e1 a 30 minutos de la villa. INMO HABITAT ONE REAL ESTATE SL ALICANTE \u2013 VALENCIA. Gracias a la estrecha colaboraci\u00f3n entre nuestros equipos, nos esforzamos constantemente por mejorar nuestros servicios, lo que se traduce en un alto grado de satisfacci\u00f3n de nuestros clientes. P\u00f3ngase en contacto con nosotros para obtener m\u00e1s informaci\u00f3n o concertar una visita.<\/p>\n","protected":false},"excerpt":{"rendered":"<p>Situada en una excelente zona de Onil, cerca de tiendas y servicios, esta casa bien presentada de 4 dormitorios y 3 ba\u00f1os ofrece un generoso espacio habitable en tres niveles, con un total de 200 m\u00b2. La propiedad cuenta con un luminoso sal\u00f3n con acceso directo a una terraza, as\u00ed como un acceso junto a [&hellip;]<\/p>\n","protected":false},"author":2,"featured_media":25805,"parent":0,"menu_order":0,"template":"","property_type":[116],"property_status":[154],"property_feature":[150,152],"property_label":[],"property_country":[141],"property_state":[153],"property_city":[133],"property_area":[],"class_list":["post-25811","property","type-property","status-publish","has-post-thumbnail","hentry","property_type-casa-adosada","property_status-en-venta","property_feature-armarios-empotrados","property_feature-entertaining-space-es","property_country-spain-es","property_state-alicante-es","property_city-onil-es"],"property_meta":{"_thumbnail_id":["25805"],"fave_featured":["0"],"houzez_featured_listing_date":[""],"fave_property_images":["25763","25765","25769","25803","25781","25797","25801","25799","25805","25775","25793","25759","25771","25767","25773","25783","25777","25779","25785","25789","25787","25791","25795","25807"],"fave_single_top_area":["global"],"fave_single_content_area":["global"],"_top_nav_excluded":[""],"_cms_nav_minihome":[""],"fave_property_price":["285000"],"fave_property_size":["200"],"fave_property_bedrooms":["4"],"fave_property_bathrooms":["3"],"fave_property_garage_size":["50"],"fave_property_id":["ALC O 4142"],"fave_property_map":["1"],"fave_property_map_address":["Onil, l'Alcoi\u00e0, Alacant \/ Alicante, Comunitat Valenciana, Espa\u00f1a"],"fave_property_location":["38.6298061,-0.6740951,15"],"houzez_geolocation_lat":["38.6298061"],"houzez_geolocation_long":["-0.6740951"],"fave_property_map_street_view":["hide"],"fave_agent_display_option":["author_info"],"fave_prop_homeslider":["no"],"_last_translation_edit_mode":["translation-editor"],"_edit_lock":["1777109312:2"],"houzez_manual_expire":["0"],"_houzez_expiration_date_status":["saved"],"houzez_total_property_views":["14"],"houzez_views_by_date":["a:4:{s:10:\"04-25-2026\";i:7;s:10:\"04-27-2026\";i:2;s:10:\"04-28-2026\";i:3;s:10:\"04-29-2026\";i:2;}"],"houzez_recently_viewed":["2026-04-29 23:38:46"]},"_links":{"self":[{"href":"https:\/\/www.mycasa.eu\/es\/wp-json\/wp\/v2\/properties\/25811","targetHints":{"allow":["GET"]}}],"collection":[{"href":"https:\/\/www.mycasa.eu\/es\/wp-json\/wp\/v2\/properties"}],"about":[{"href":"https:\/\/www.mycasa.eu\/es\/wp-json\/wp\/v2\/types\/property"}],"author":[{"embeddable":true,"href":"https:\/\/www.mycasa.eu\/es\/wp-json\/wp\/v2\/users\/2"}],"version-history":[{"count":1,"href":"https:\/\/www.mycasa.eu\/es\/wp-json\/wp\/v2\/properties\/25811\/revisions"}],"predecessor-version":[{"id":25812,"href":"https:\/\/www.mycasa.eu\/es\/wp-json\/wp\/v2\/properties\/25811\/revisions\/25812"}],"wp:featuredmedia":[{"embeddable":true,"href":"https:\/\/www.mycasa.eu\/es\/wp-json\/wp\/v2\/media\/25805"}],"wp:attachment":[{"href":"https:\/\/www.mycasa.eu\/es\/wp-json\/wp\/v2\/media?parent=25811"}],"wp:term":[{"taxonomy":"property_type","embeddable":true,"href":"https:\/\/www.mycasa.eu\/es\/wp-json\/wp\/v2\/property_type?post=25811"},{"taxonomy":"property_status","embeddable":true,"href":"https:\/\/www.mycasa.eu\/es\/wp-json\/wp\/v2\/property_status?post=25811"},{"taxonomy":"property_feature","embeddable":true,"href":"https:\/\/www.mycasa.eu\/es\/wp-json\/wp\/v2\/property_feature?post=25811"},{"taxonomy":"property_label","embeddable":true,"href":"https:\/\/www.mycasa.eu\/es\/wp-json\/wp\/v2\/property_label?post=25811"},{"taxonomy":"property_country","embeddable":true,"href":"https:\/\/www.mycasa.eu\/es\/wp-json\/wp\/v2\/property_country?post=25811"},{"taxonomy":"property_state","embeddable":true,"href":"https:\/\/www.mycasa.eu\/es\/wp-json\/wp\/v2\/property_state?post=25811"},{"taxonomy":"property_city","embeddable":true,"href":"https:\/\/www.mycasa.eu\/es\/wp-json\/wp\/v2\/property_city?post=25811"},{"taxonomy":"property_area","embeddable":true,"href":"https:\/\/www.mycasa.eu\/es\/wp-json\/wp\/v2\/property_area?post=25811"}],"curies":[{"name":"wp","href":"https:\/\/api.w.org\/{rel}","templated":true}]}}

<p>Situada en una excelente zona de Onil, cerca de tiendas y servicios, esta casa bien presentada de 4 dormitorios y 3 baños ofrece un generoso espacio habitable en tres niveles, con un total de 200 m².</p>

<p>La propiedad cuenta con un luminoso salón con acceso directo a una terraza, así como un acceso junto a la cocina, perfecto para comer al aire libre. Uno de los dormitorios también tiene su propia terraza privada, lo que añade más espacio al aire libre. En la parte trasera, hay una zona ajardinada privada, ideal para relajarse o entretenerse.  </p>

<p>La casa incluye un amplio garaje con espacio para dos coches, junto con un despacho/almacén adicional, lo que proporciona una excelente practicidad.</p>

<p>Equipada con calefacción central, aire acondicionado, paneles solares y un sistema de filtración de agua, la casa está diseñada para una vida cómoda y eficiente. También está parcialmente amueblada, por lo que es fácil mudarse e instalarse. </p>

<p>Con su espaciosa distribución, sus múltiples zonas al aire libre y su práctica ubicación, esta propiedad es una opción fantástica para familias o para cualquiera que busque una casa bien equipada en Onil.</p>

<p>Las playas del Mediterráneo están a unos 30 minutos en coche. Su céntrica ubicación hace que ciudades tan auténticas como Alicante y Murcia estén a 30 y 60 minutos en coche. Allí encontrará una hermosa arquitectura, así como otros puntos de interés, buenos restaurantes, maravillosas terrazas y abundantes tiendas. Benidorm está a unos 50 minutos en coche. El cercano aeropuerto de Alicante está a 30 minutos de la villa. INMO HABITAT ONE REAL ESTATE SL ALICANTE – VALENCIA. Gracias a la estrecha colaboración entre nuestros equipos, nos esforzamos constantemente por mejorar nuestros servicios, lo que se traduce en un alto grado de satisfacción de nuestros clientes. Póngase en contacto con nosotros para obtener más información o concertar una visita.</p>

<p>Situada en una excelente zona de Onil, cerca de tiendas y servicios, esta casa bien presentada de 4 dormitorios y 3 baños ofrece un generoso espacio habitable en tres niveles, con un total de 200 m². La propiedad cuenta con un luminoso salón con acceso directo a una terraza, así como un acceso junto a [&hellip;]</p>

Onil, l'Alcoià, Alacant / Alicante, Comunitat Valenciana, España
