{"id":22750,"date":"2024-05-17T11:27:19","date_gmt":"2024-05-17T10:27:19","guid":{"rendered":"https:\/\/www.mycasa.eu\/property\/2-grandes-viviendas-en-una-sola-parcela-con-piscina-privada\/"},"modified":"2024-10-30T10:14:13","modified_gmt":"2024-10-30T10:14:13","slug":"2-grandes-viviendas-en-una-sola-parcela-con-piscina-privada","status":"publish","type":"property","link":"https:\/\/www.mycasa.eu\/es\/propiedad\/2-grandes-viviendas-en-una-sola-parcela-con-piscina-privada\/","title":{"rendered":"2 grandes viviendas en una sola parcela con piscina privada"},"content":{"rendered":"\n<p>Bienvenido a esta propiedad \u00fanica que ofrece dos viviendas en una amplia parcela, perfecta para vivir con una familia numerosa o para alquilar.<\/p>\n\n<p>La primera casa, de 110 m\u00b2, tiene 3 dormitorios, 1 ba\u00f1o, una cocina bien equipada y un lavadero. Disfruta de acogedoras veladas junto a la estufa de le\u00f1a o mantente fresco con el aire acondicionado. Un encantador porche ofrece un lugar perfecto para relajarse.<\/p>\n\n<p>La segunda vivienda, de 65 m\u00b2, incluye 2 dormitorios y 1 cuarto de ba\u00f1o grande. Su cocina y sal\u00f3n abiertos, con chimenea, crean un espacio c\u00e1lido y acogedor.<\/p>\n\n<p>En el exterior, el terreno cuenta con una refrescante piscina, una zona de barbacoa para entretenerse al aire libre, aparcamiento privado y dos trasteros para almacenamiento adicional. Disfruta de maravillosas vistas de Castalla y Onil desde esta serena ubicaci\u00f3n.<\/p>\n\n<p>Esta propiedad ofrece una rara combinaci\u00f3n de versatilidad, comodidad e impresionante paisaje. No pierdas esta oportunidad excepcional.<\/p>\n","protected":false},"excerpt":{"rendered":"<p>Bienvenido a esta propiedad \u00fanica que ofrece dos viviendas en una amplia parcela, perfecta para vivir con una familia numerosa o para alquilar. La primera casa, de 110 m\u00b2, tiene 3 dormitorios, 1 ba\u00f1o, una cocina bien equipada y un lavadero. Disfruta de acogedoras veladas junto a la estufa de le\u00f1a o mantente fresco con [&hellip;]<\/p>\n","protected":false},"author":2,"featured_media":22686,"parent":0,"menu_order":0,"template":"","property_type":[117],"property_status":[157],"property_feature":[159,164,143,152,162,149,147,165,142,168],"property_label":[],"property_country":[141],"property_state":[153],"property_city":[133],"property_area":[],"class_list":["post-22750","property","type-property","status-publish","has-post-thumbnail","hentry","property_type-casa-de-campo","property_status-vendida","property_feature-aire-acondicionado","property_feature-bbq","property_feature-chimenea","property_feature-entertaining-space-es","property_feature-parcialmente-amueblado","property_feature-parking-privado","property_feature-patio-es","property_feature-piscina","property_feature-quemador-de-lena","property_feature-swimming-pool-es","property_country-spain-es","property_state-alicante-es","property_city-onil-es"],"property_meta":{"_thumbnail_id":["22686"],"houzez_featured_listing_date":[""],"_top_nav_excluded":[""],"_cms_nav_minihome":[""],"houzez_geolocation_lat":["38.629879442064"],"houzez_geolocation_long":["-0.67415713652823"],"_last_translation_edit_mode":["native-editor"],"fave_property_price":["170000"],"fave_property_size":["175"],"fave_property_land":["7000"],"fave_property_bedrooms":["5"],"fave_property_bathrooms":["2"],"fave_property_id":["ALC CH 909"],"fave_property_map":["1"],"fave_property_map_address":["Onil, l'Alcoi\u00e0, Alacant \/ Alicante, Comunitat Valenciana, Espa\u00f1a"],"fave_property_location":["38.629879442064,-0.67415713652823,15"],"fave_property_map_street_view":["hide"],"fave_agent_display_option":["author_info"],"fave_prop_homeslider":["no"],"_edit_lock":["1730283254:2"],"houzez_total_property_views":["922"],"houzez_views_by_date":["a:61:{s:10:\"01-20-2026\";i:2;s:10:\"01-21-2026\";i:4;s:10:\"01-22-2026\";i:4;s:10:\"01-23-2026\";i:3;s:10:\"01-24-2026\";i:1;s:10:\"01-25-2026\";i:4;s:10:\"01-27-2026\";i:1;s:10:\"01-28-2026\";i:1;s:10:\"01-29-2026\";i:1;s:10:\"01-31-2026\";i:2;s:10:\"02-02-2026\";i:3;s:10:\"02-03-2026\";i:2;s:10:\"02-05-2026\";i:2;s:10:\"02-07-2026\";i:1;s:10:\"02-08-2026\";i:2;s:10:\"02-10-2026\";i:2;s:10:\"02-11-2026\";i:1;s:10:\"02-12-2026\";i:1;s:10:\"02-15-2026\";i:4;s:10:\"02-17-2026\";i:1;s:10:\"02-19-2026\";i:2;s:10:\"02-21-2026\";i:2;s:10:\"02-23-2026\";i:1;s:10:\"02-25-2026\";i:1;s:10:\"02-26-2026\";i:1;s:10:\"02-27-2026\";i:1;s:10:\"03-01-2026\";i:1;s:10:\"03-02-2026\";i:1;s:10:\"03-03-2026\";i:5;s:10:\"03-04-2026\";i:2;s:10:\"03-07-2026\";i:1;s:10:\"03-08-2026\";i:4;s:10:\"03-10-2026\";i:4;s:10:\"03-11-2026\";i:2;s:10:\"03-12-2026\";i:2;s:10:\"03-16-2026\";i:1;s:10:\"03-19-2026\";i:1;s:10:\"03-22-2026\";i:1;s:10:\"03-23-2026\";i:1;s:10:\"03-24-2026\";i:2;s:10:\"03-25-2026\";i:3;s:10:\"03-26-2026\";i:2;s:10:\"03-27-2026\";i:2;s:10:\"03-28-2026\";i:4;s:10:\"03-30-2026\";i:1;s:10:\"04-01-2026\";i:1;s:10:\"04-02-2026\";i:2;s:10:\"04-03-2026\";i:1;s:10:\"04-04-2026\";i:2;s:10:\"04-05-2026\";i:2;s:10:\"04-07-2026\";i:1;s:10:\"04-10-2026\";i:1;s:10:\"04-11-2026\";i:1;s:10:\"04-12-2026\";i:3;s:10:\"04-13-2026\";i:4;s:10:\"04-15-2026\";i:2;s:10:\"04-17-2026\";i:1;s:10:\"04-22-2026\";i:1;s:10:\"04-23-2026\";i:1;s:10:\"04-28-2026\";i:1;s:10:\"04-29-2026\";i:3;}"],"houzez_recently_viewed":["2026-04-30 00:52:07"],"_edit_last":["2"],"houzez_manual_expire":["0"],"_houzez_expiration_date_status":["saved"],"_wpml_media_duplicate":["1"],"_wpml_media_featured":["1"],"fave_property_images":["22722","22724","22688","22702","22716","22742","22708","22720","22694","22726","22710","22690","22692","22712","22698","22740","22700","22714","22704","22736","22696","22706","22718","22728","22732","22734","22746","22738"],"fave_featured":["0"],"fave_single_top_area":["global"],"fave_single_content_area":["global"]},"_links":{"self":[{"href":"https:\/\/www.mycasa.eu\/es\/wp-json\/wp\/v2\/properties\/22750","targetHints":{"allow":["GET"]}}],"collection":[{"href":"https:\/\/www.mycasa.eu\/es\/wp-json\/wp\/v2\/properties"}],"about":[{"href":"https:\/\/www.mycasa.eu\/es\/wp-json\/wp\/v2\/types\/property"}],"author":[{"embeddable":true,"href":"https:\/\/www.mycasa.eu\/es\/wp-json\/wp\/v2\/users\/2"}],"version-history":[{"count":2,"href":"https:\/\/www.mycasa.eu\/es\/wp-json\/wp\/v2\/properties\/22750\/revisions"}],"predecessor-version":[{"id":22752,"href":"https:\/\/www.mycasa.eu\/es\/wp-json\/wp\/v2\/properties\/22750\/revisions\/22752"}],"wp:featuredmedia":[{"embeddable":true,"href":"https:\/\/www.mycasa.eu\/es\/wp-json\/wp\/v2\/media\/22686"}],"wp:attachment":[{"href":"https:\/\/www.mycasa.eu\/es\/wp-json\/wp\/v2\/media?parent=22750"}],"wp:term":[{"taxonomy":"property_type","embeddable":true,"href":"https:\/\/www.mycasa.eu\/es\/wp-json\/wp\/v2\/property_type?post=22750"},{"taxonomy":"property_status","embeddable":true,"href":"https:\/\/www.mycasa.eu\/es\/wp-json\/wp\/v2\/property_status?post=22750"},{"taxonomy":"property_feature","embeddable":true,"href":"https:\/\/www.mycasa.eu\/es\/wp-json\/wp\/v2\/property_feature?post=22750"},{"taxonomy":"property_label","embeddable":true,"href":"https:\/\/www.mycasa.eu\/es\/wp-json\/wp\/v2\/property_label?post=22750"},{"taxonomy":"property_country","embeddable":true,"href":"https:\/\/www.mycasa.eu\/es\/wp-json\/wp\/v2\/property_country?post=22750"},{"taxonomy":"property_state","embeddable":true,"href":"https:\/\/www.mycasa.eu\/es\/wp-json\/wp\/v2\/property_state?post=22750"},{"taxonomy":"property_city","embeddable":true,"href":"https:\/\/www.mycasa.eu\/es\/wp-json\/wp\/v2\/property_city?post=22750"},{"taxonomy":"property_area","embeddable":true,"href":"https:\/\/www.mycasa.eu\/es\/wp-json\/wp\/v2\/property_area?post=22750"}],"curies":[{"name":"wp","href":"https:\/\/api.w.org\/{rel}","templated":true}]}}

<p>Bienvenido a esta propiedad única que ofrece dos viviendas en una amplia parcela, perfecta para vivir con una familia numerosa o para alquilar.</p>

<p>La primera casa, de 110 m², tiene 3 dormitorios, 1 baño, una cocina bien equipada y un lavadero. Disfruta de acogedoras veladas junto a la estufa de leña o mantente fresco con el aire acondicionado. Un encantador porche ofrece un lugar perfecto para relajarse.</p>

<p>La segunda vivienda, de 65 m², incluye 2 dormitorios y 1 cuarto de baño grande. Su cocina y salón abiertos, con chimenea, crean un espacio cálido y acogedor.</p>

<p>En el exterior, el terreno cuenta con una refrescante piscina, una zona de barbacoa para entretenerse al aire libre, aparcamiento privado y dos trasteros para almacenamiento adicional. Disfruta de maravillosas vistas de Castalla y Onil desde esta serena ubicación.</p>

<p>Esta propiedad ofrece una rara combinación de versatilidad, comodidad e impresionante paisaje. No pierdas esta oportunidad excepcional.</p>

<p>Bienvenido a esta propiedad única que ofrece dos viviendas en una amplia parcela, perfecta para vivir con una familia numerosa o para alquilar. La primera casa, de 110 m², tiene 3 dormitorios, 1 baño, una cocina bien equipada y un lavadero. Disfruta de acogedoras veladas junto a la estufa de leña o mantente fresco con [&hellip;]</p>

Onil, l'Alcoià, Alacant / Alicante, Comunitat Valenciana, España
